. Let j = 30 + -5. Suppose v = 3*a + 1 - j. What is the remainder when 23 is divided by a?
7
Let o(f) = -2*f**3 + 21*f**2 + 19*f - 32. Calculate the remainder when 192 is divided by o(11).
24
Suppose -4*w + w - 3*i = -30, 0 = -2*w - 3*i + 15. Let b = 16 + -10. What is the remainder when w is divided by b?
3
Suppose -19*x = -354 - 64. Calculate the remainder when 1405 is divided by x.
19
Suppose -19*w + 18*w = 4. What is the remainder when 17 is divided by w/16 + (-82)/(-8)?
7
Let k be (8/(-10))/(-2) - 2/5. Suppose -p + 3 + 8 = k. What is the remainder when 85 is divided by p?
8
Let k = 3 + -12. Let o(b) = -b**3 - 8*b**2 + 6*b - 7. Suppose -76 = -t - 0*t. What is the remainder when t is divided by o(k)?
16
Let x be 1 - -3 - -2*(4 + -5). Suppose l = x*h - 233, 6*l = -2*h + 2*l + 228. Calculate the remainder when h is divided by 30.
26
What is the remainder when 22/(-3)*((-81)/6)/3 is divided by 5/10*-1*(2 - 36)?
16
Suppose q - 60 + 12 = 0. Calculate the remainder when 1 + (4 - 7) + q is divided by 8.
6
Suppose -19*r + 412 + 329 = 0. Calculate the remainder when 377 is divided by r.
26
Let n = -164 - -198. What is the remainder when 199 is divided by n?
29
Suppose 0 = 2*y, 0 = 5*j - 23*y + 25*y - 90. What is the remainder when (-6)/(-15) + (-306)/(-10) is divided by j?
13
Let y = 1412 + -1199. Calculate the remainder when y is divided by 105.
3
Suppose 193 = -25*r + 1868. What is the remainder when r is divided by 4?
3
Let t = -70 - -221. Let a(h) = -16*h + 23. Let j be a(-18). Suppose n + n - t = -m, 0 = -4*n + m + j. Calculate the remainder when n is divided by 20.
17
Let s = 279 - 192. Suppose -5*o + s = 2*i, 5*o = 5 + 20. Calculate the remainder when i is divided by (-28)/(-2) + 6/(-1).
7
What is the remainder when 45 is divided by -2*(-2)/32 - 2540/(-160)?
13
Suppose 1 = 3*j - 5. Let w(t) = t**3 + 2*t - 2. What is the remainder when 67 is divided by w(j)?
7
Suppose 3*w - 65 - 124 = 0. Calculate the remainder when w is divided by 28.
7
Let u(j) = 2*j**2 - 3. Suppose -3*q - 1 = 5. Let h(x) = 2*x**2 + x - 4. Let b(i) = q*h(i) + 3*u(i). What is the remainder when 3 is divided by b(2)?
0
Let j(n) = -n**2 + 23*n - 15. Calculate the remainder when j(20) is divided by -15*2*(-10)/25.
9
Suppose -140*v = -134*v - 156. What is the remainder when 62 is divided by v?
10
Let m(a) = 7*a. Let k be ((-18)/4 + 3)*-2. Let v be m(k). Let n = 34 - v. What is the remainder when 36 is divided by n?
10
Let g be ((-18)/12)/((-9)/24). Suppose -101 = -g*j - 33. Let b = 5 + 4. Calculate the remainder when j is divided by b.
8
Suppose 0 = -4*p - w - 168, 8 = 4*w + 24. Let t(x) = -2*x**2 + 3*x + 1. Let c be t(4). Let z = c - p. What is the remainder when 86 is divided by z?
20
Calculate the remainder when 3 + 142 + (-2)/1 is divided by 198/4 - (-2)/(-4).
45
Suppose -f + 5*v = 2*v - 102, -2*f + 204 = 3*v. Calculate the remainder when f is divided by 19 + 6 + -2 + -2.
18
Suppose -8*q - 1 = -65. Suppose q = c - 2. Let m(i) = 3*i + 6. What is the remainder when m(7) is divided by c?
7
Suppose 3*p - 73 - 17 = 2*k, -4*k + 100 = 4*p. Let t = p + -12. Let j = -22 + 51. Calculate the remainder when j is divided by t.
13
Suppose -8*t + 103 + 377 = 0. What is the remainder when 239 is divided by t?
59
Suppose 4*s + 36 = 5*i, -4*i + 100 = 3*s + 65. Suppose 0 = -0*f - 2*f + 62. What is the remainder when f is divided by i?
7
Let v = -14 + 39. Suppose 0 = -8*f + 16*f - 592. Calculate the remainder when f is divided by v.
24
Suppose 0 = 3*n, -4*q - n - 311 = -5*q. What is the remainder when q is divided by 75?
11
Let d be -1 - -4 - -1 - 1. Let s = 11 - d. Suppose 0 = -4*q + s*q - 120. Calculate the remainder when 87 is divided by q.
27
Suppose 18 = 4*w - 150. Calculate the remainder when 249 is divided by w.
39
Let j be ((-6)/(-8))/(1/40). Suppose -2*h - 2*a + j = 0, a - 52 = -4*h - a. What is the remainder when 32 is divided by h?
10
Suppose -5*j = -5*h + 105, -j = -4*h + h + 69. Suppose -2*z + 10 = 0, 30 - 2 = 2*r + 2*z. What is the remainder when h is divided by r?
6
Let t(m) = -77*m - 9. Calculate the remainder when 86 is divided by t(-1).
18
Suppose -18*j + 1739 = -2023. Calculate the remainder when j is divided by 48.
17
Let z(n) = -n**2 - 23*n - 39. What is the remainder when z(-11) is divided by 16?
13
Let f(s) = 2*s**3 + 22*s**2 - 23*s + 15. Let l be f(-12). Suppose 0 = -6*v + 2*v + 96. What is the remainder when v is divided by 16 + 5/(-15)*l?
9
Suppose 0 = 5*i - 3*i + 16. Let v = -8 - i. Suppose v*x - 3*x = -141. What is the remainder when x is divided by 24?
23
Suppose -6*s + 2*s + 20 = 0, -o = 2*s - 13. Suppose 2*h + 2*i - i + 18 = 0, h = -o*i + 1. Calculate the remainder when 7 is divided by (-5)/(-10) - h/2.
1
Let d = 37 + -33. Suppose -10 = -2*s, -4*a - 2*s + 62 = -d*s. What is the remainder when ((-204)/18)/((-4)/a) is divided by 13?
12
Let u(d) = 25*d. Let g be u(-1). Let x = g + 25. Suppose -4*k + 40 + x = 0. Calculate the remainder when 39 is divided by k.
9
Suppose 0 = -5*o - 34*n + 35*n + 1255, 3*o + n - 745 = 0. What is the remainder when o is divided by 23?
20
Calculate the remainder when 235 is divided by (-17)/((-6 - -5)*1).
14
Let t = 895 - 841. Let y(n) = n + 6. Let b = 0 - -8. Calculate the remainder when t is divided by y(b).
12
Let t = -96 - -169. What is the remainder when t is divided by 50/(0 - 1 - (-3)/1)?
23
Let h = 68 + 14. Calculate the remainder when h is divided by 28.
26
Calculate the remainder when 94 is divided by (-6)/(-8) + -1 - (-525)/20.
16
Let a = -4 + 5. Let b = -13 - a. Let y = -13 - b. Calculate the remainder when 1 is divided by y.
0
Suppose 0 = 6*i + 4 - 94. Calculate the remainder when i is divided by 10.
5
Suppose 2*k = -4*t + 4*k + 78, 2*t = 4*k + 48. What is the remainder when 83 is divided by t?
11
Let p(j) = j**3 - 11*j**2 - 10*j + 147. What is the remainder when p(12) is divided by 30?
21
Suppose -182 = -6*n + 40. Calculate the remainder when n is divided by 22 - ((-18)/(-3))/2.
18
Let x = 5 - 2. Suppose -n = 2*r - 4*r - 5, 0 = 3*r - x. Suppose -30 = -108*c + 93*c. Calculate the remainder when n is divided by c.
1
Let r = -1674 + 1711. What is the remainder when 75 is divided by r?
1
Let v = -18 - -21. Let y = -48 + 50. What is the remainder when v is divided by y?
1
Suppose -162 = -12*f + 366. What is the remainder when 165 is divided by f?
33
Calculate the remainder when 106 is divided by 49/(-2)*736/(-322).
50
Let q = -400 - -509. Calculate the remainder when q is divided by 45.
19
Let y(j) = 198*j - 34. Let z be y(19). Calculate the remainder when 2/(-7) - z/(-112) is divided by (-4)/(-6) + (-68)/(-6).
9
Suppose -2 - 5 = -w. Suppose -2*h + 10 = 4*q, h + 3*q + 0*q = w. Calculate the remainder when 41 is divided by (-2 + h)/(1/(-14)).
13
Suppose 2*t = 11 - 3. Suppose t*x + 20 - 104 = 0. Let k(j) = 4*j**2 + j - 3. What is the remainder when x is divided by k(-2)?
10
Let z(n) = -5*n - 10. Let h = -3 + 2. Let t be -3*h/(-1) - 1. Calculate the remainder when z(t) is divided by 3.
1
Suppose 42 + 264 = 18*b. What is the remainder when (-2 - -5)*1*15 is divided by b?
11
Suppose 11*l - 6*l = -i - 68, 0 = -4*i + 4*l - 152. Let r = i + 58. What is the remainder when 43 is divided by r?
13
Let y = -4 - -9. Let w(h) = h**3 + 9*h**2 - 3. Let f be w(-9). Calculate the remainder when y*1 + (-4 - f) is divided by 3.
1
Suppose -42 = 14*p - 17*p. Let o(g) = -g**3 + 5*g**2 + 15*g + 1. What is the remainder when p is divided by o(7)?
6
Let q(n) = n**3 - 8*n**2 + 8*n - 4. Let s be q(5). Let r = 66 + s. Suppose r = 2*i - 73. Calculate the remainder when i is divided by 18.
14
Suppose 5*g = -3*i + 314, -12*i - 4*g + 408 = -8*i. What is the remainder when i is divided by 20?
18
Let c be (-3)/(36/8) - 34/(-6). Suppose -176 = -c*s + 3*s. Calculate the remainder when s is divided by 23.
19
Let m = 92 + 0. What is the remainder when 17 is divided by m/8 - (5/(-2))/5?
5
Suppose 3*d - 465 = 4*g, -3*g = 8*d - 3*d - 862. Let a = 99 + -42. What is the remainder when d is divided by a?
53
Suppose 7983 = 44*o - 9529. Calculate the remainder when o is divided by 68.
58
Let j(q) = q**3 + 4*q**2 - 5*q - 2. Suppose -25 = -5*n - 10. Suppose n*a + a - 84 = 0. Calculate the remainder when a is divided by j(2).
9
Let w = 864 - 854. Calculate the remainder when 1